- -46. List the prime factors of s.
5
Let t be -1 + -1 + 0/(-2). Let h be 1/2 - 17/(-34). What are the prime factors of h/(t - 55/(-27))?
3
Let b(u) = -u + 21. Let j be b(10). Let l = j + 6. List the prime factors of 0 - (1 - 3)*l.
2, 17
Let d(a) = a**2 + a + 9. Let k be (10/3)/(2/6). Suppose k*r - 12*r = 0. List the prime factors of d(r).
3
Let o(d) = -83*d + 21. Let c be o(-7). Suppose 4*y - 2*n = -4*n + c, -168 = -y - 4*n. List the prime factors of y.
2, 37
What are the prime factors of 10/(-6) - (-4 - 234795/45)?
2, 3, 5, 29
Suppose 0 = -3*v + v - 3*r + 36, 0 = -r. Let i(b) = 2*b**2 - 15*b + 25. Let j be i(8). Let g = j - v. List the prime factors of g.
3, 5
Suppose -509*l = -510*l + 2096. List the prime factors of l.
2, 131
Suppose -13 = -5*s - r - 2*r, -5*r = -2*s - 1. Suppose 432 = 2*t - 2*k, 2*t = s*k - 3*k + 447. What are the prime factors of t?
13, 17
Suppose 5*m + 4 = m. Let b = -3 - m. List the prime factors of 39/15 + b/(-5).
3
Let z(q) = q**2 - q + 48. Let m be 3/(2*(-3)/(-18)). What are the prime factors of z(m)?
2, 3, 5
Let s be -10*(12/20 + -1). Suppose 3 = z - s*z. Let u = 4 + z. What are the prime factors of u?
3
Let a(o) = o**3 - 6*o**2 + 4*o - 7. Suppose -2*x = -4*x + 24. Let b = x - 6. What are the prime factors of a(b)?
17
Suppose -3 = 2*w - 7. Suppose r + 3*f + 21 = w*r, 4*f = 12. What are the prime factors of r?
2, 3, 5
Let c(y) = 97*y**2 - 5*y - 6. Let a be c(-1). Suppose f + 5*h = 3*h + 17, -f = 5*h - 32. Suppose -3*n - a = -f*n. What are the prime factors of n?
2, 3
Let h(b) be the second derivative of -19/20*b**5 + 5*b - 1/12*b**4 - 1/2*b**2 - 1/3*b**3 + 0. List the prime factors of h(-1).
19
Let m = -28 + 28. Suppose -2*p + 4*k + 226 = m, p + 5*k = 2*k + 88. What are the prime factors of p?
103
Let t = 8 + -1. Suppose -7*v + 80 = v. Suppose -h + v + t = 0. What are the prime factors of h?
17
Suppose y - u = -4736, 0*u = -3*u - 12. What are the prime factors of ((-3)/4)/(-3*(-5)/y)?
3, 79
Let y(q) = -34*q - 1. Suppose -24 = 2*p + 4*m, -4 = 4*p - 0*m - 3*m. Let d be y(p). Suppose d = 5*n - 2*n. List the prime factors of n.
3, 5
Suppose -5*o + 2*m + 2032 = 0, -3*o - 4*m + 1038 + 202 = 0. What are the prime factors of o?
2, 3, 17
Let r = 3053 + -1638. What are the prime factors of r?
5, 283
Suppose 12*x - 7935 = 13917. List the prime factors of x.
3, 607
Suppose 554 - 65838 = -19*h. List the prime factors of h.
2, 859
Suppose y - 5*n = -n + 11, 2*y - 10 = 2*n. Let z(f) = 27*f - 3. Let u be z(y). Suppose 0 = -m + u - 26. What are the prime factors of m?
2, 13
Suppose 0 = 2*i + i - 48. Suppose 8 - i = -4*b. Suppose 0 = 3*h - 2*h - 2, b*l - 50 = h. What are the prime factors of l?
2, 13
Suppose -3 = -v + 3*z, -3*v + 0*z - z = -9. Let p(s) = 2*s + 18 - s**v - 3*s - 13*s**2 + 13*s. What are the prime factors of p(-14)?
2, 23
Suppose -x + 23 = 3*f, -x = 3*x + 4*f - 84. Let r = x + -16. Suppose -j - 3*s = -66, -r*s = -3*j - 0*s + 146. What are the prime factors of j?
2, 3
Let t = 890 + -606. List the prime factors of t.
2, 71
Suppose 0 = -2*d + 5*d + 132. What are the prime factors of 3/(6/(-4)) - d?
2, 3, 7
Suppose 4*b + 16 + 0 = 0. Let h be (-2)/((60/56)/15). List the prime factors of b/(-28) + (-1480)/h.
53
Let c be ((4 + -7)/9)/((-1)/21). Suppose c*f - 778 = -281. What are the prime factors of f?
71
Let d = -881 - -1575. List the prime factors of d.
2, 347
List the prime factors of 87 - ((-5 - -5) + -6).
3, 31
Let w(t) = -t**3 + 6*t**2 - 3*t + 22. Let g be w(6). Suppose 0 = 3*k - 15, -2*q + g*k + 174 = -110. List the prime factors of q.
2, 19
Let q be 0 + (-26)/(-2) - 0. Let d = q + -9. List the prime factors of d/(-2)*46/(-4).
23
Suppose a - 746 = -a + 2*n, 0 = 3*a - 4*n - 1120. What are the prime factors of a?
2, 3, 31
Suppose -4*h + 6 = -5*h. Let u be 4/(-6) + (-124)/h. Let m = -7 + u. What are the prime factors of m?
13
Let a(t) be the third derivative of 9*t**2 + 4/15*t**5 + 3/4*t**4 + 0 + 0*t - 1/120*t**6 + 23/6*t**3. List the prime factors of a(17).
2, 5
Suppose -t - 176 + 4 = 0. What are the prime factors of (-1 + t/8)/(6/(-8))?
2, 3, 5
Let q be 2*(0 + -2 + -4 + 7). What are the prime factors of (-104)/(-12)*3/q?
13
Let s = 97 - -30. Suppose -2*u - 26 = -f - 7*u, -4*f + s = -3*u. Suppose 0 = -5*x + 99 + f. What are the prime factors of x?
2, 13
Let v = 84 + -39. Suppose g + v = -2*z - 3*z, -3*z - 35 = -g. Let o = 10 - z. List the prime factors of o.
2, 5
What are the prime factors of (-9 - (-5)/((-3)/(-3))) + 613?
3, 7, 29
Suppose -z + 1 + 4 = 0. Suppose -4*c + 209 + 182 = 5*d, d - 84 = z*c. Suppose t - 5*x = 18, -5*t = -3*x - 33 - d. List the prime factors of t.
23
Let r be ((-24)/(-14))/(6/21). List the prime factors of 3786/21 - 5/(105/r).
2, 3, 5
Suppose 6*x - 20*x + 59766 = 0. What are the prime factors of x?
3, 1423
Let y = 1652 - 974. What are the prime factors of y?
2, 3, 113
Let m = -29 - -20. Let q = m + 12. List the prime factors of (-22)/(q + -3 + -2).
11
Suppose -2*h - 3 = -3*h - 4*w, -2*w = -3*h - 33. Let x(s) be the third derivative of -s**4/12 + s**3/2 - 2*s**2. What are the prime factors of x(h)?
3, 7
Suppose -4*j - p + 11 = -28, 0 = 2*p + 10. Suppose 3*y - j*y = -440. List the prime factors of y.
5, 11
What are the prime factors of (-69769)/(-28) - (-1)/4?
2, 7, 89
List the prime factors of 17466/24 + (5/4 - 1).
2, 7, 13
List the prime factors of 3/(-18) + 6350/12.
23
Let p(t) = -37*t + 462. List the prime factors of p(-35).
7, 251
Suppose 5*k - o - 15 = 0, -4*k - 5*o = -o - 12. Suppose -c + 3*n = -16, 0 = k*c - 3*n - 9 - 33. List the prime factors of c.
13
Suppose -8978 = -19*c - 637. What are the prime factors of c?
439
Let x(v) be the second derivative of -v**5/20 + v**4/2 + v**3/6 + v**2/2 + 2*v. Let q be x(6). Let p(h) = h**2 - 7*h + 5. What are the prime factors of p(q)?
5
Let x(h) = 907*h**3 - 6*h + 5. List the prime factors of x(1).
2, 3, 151
What are the prime factors of (664000/(-84))/(-8) - 4/42?
2, 13, 19
Let g be 2/6 + (-2)/6. Suppose 0 = -g*l - 5*l + 90. List the prime factors of l.
2, 3
Let n = 2053 + 204. List the prime factors of n.
37, 61
Let i be 96 - 1*(-3 - -1). Suppose 4*j - 242 = i. Let n = -26 + j. List the prime factors of n.
59
What are the prime factors of ((-29)/29)/((-1)/379)?
379
Suppose 3*r - 363 - 645 = -5*k, -8 = 2*r. Let j = k + -99. List the prime factors of j.
3, 5, 7
Suppose -3*p - 281 = -l, 4*l + 5*p - p = 1044. List the prime factors of l.
2, 7, 19
Let f = -42 + 46. Suppose 122 = 3*x - 5*t + 35, -4*x + 116 = t. Suppose -f*l = -3*l - x. What are the prime factors of l?
29
Suppose -4*p = -2*y - 32, 4*p + 2*y = -1 + 33. Suppose -5*r - 5*v = -4*r - p, -40 = -3*r + v. What are the prime factors of r?
13
Suppose 16*q - 2853 = 13*q. What are the prime factors of q?
3, 317
Suppose -2*m = -4*b + 46, 7*m + 5*b + 27 = 3*m. Let p = 43 - m. What are the prime factors of p?
2, 7
Let s(g) = g**3 - 5*g**2 + 5*g - 3. Let t be s(3). Let m(l) = -10*l - 14. List the prime factors of m(t).
2, 23
Let g(v) = -v**3 + 3*v**2 + 4*v + 4. Suppose 3*l - 26 = -38. What are the prime factors of g(l)?
2, 5
Let a(d) = -9*d + 7*d + 5*d - 8 - 2. What are the prime factors of a(5)?
5
Let f(o) = -3*o - 16. Let b be f(-6). Suppose -3*h + b*a + 293 = 0, -h + 3*h - 202 = -2*a. What are the prime factors of h?
3, 11
Suppose 5*t = 2*y - 7579, -15179 = 24*y - 28*y + 3*t. What are the prime factors of y?
3797
Let a(u) = u**3 - 10*u**2 - 13*u - 22. Let c be a(11). Let q = c - -78. List the prime factors of q.
2, 17
Let j(r) = -r**2 + 19*r + 4. Let c be j(14). Suppose 5*x = 179 - c. What are the prime factors of x?
3, 7
What are the prime factors of (-11)/(4 + (-1755)/438*1)?
2, 11, 73
Let l(d) = d**3 - 8*d - 3. Let s be (-124)/(-9) - 4/(-18). Suppose 4*j = 2*o + 4, 2*j - s = -o - o. What are the prime factors of l(o)?
29
Suppose -13*o - 11*o + 17136 = 0. What are the prime factors of o?
2, 3, 7, 17
Suppose 25 = 5*q, -5*f + 6300 = -2*q - 5420. List the prime factors of f.
2, 3, 17, 23
Suppose 18*d = -46 + 496. What are the prime factors of (3960/d)/(-6)*-5?
2, 3, 11
Let i(s) = s**2 + 8*s + 6. Let g be i(-9). Suppose -j = 2*j - g. Suppose -j*b + 115 = -b - y, -100 = -4*b - 4*y. List the prime factors of b.
2, 7
Let q = -3 + 2. Let k = q - -7. Let f = 15 - k. What are the prime factors of f?
3
Let u